{"id":1343,"date":"2022-06-27T16:00:33","date_gmt":"2022-06-27T16:00:33","guid":{"rendered":"https:\/\/aevea.es\/anuario-2022\/?page_id=1343"},"modified":"2022-07-05T12:24:02","modified_gmt":"2022-07-05T12:24:02","slug":"articulo-rafael-perez","status":"publish","type":"page","link":"https:\/\/aevea.es\/anuario-2022\/articulo-rafael-perez\/","title":{"rendered":"ART\u00cdCULO Rafael P\u00e9rez"},"content":{"rendered":"<div  class=\"tatsu-Sy-vaCE8iu tatsu-section  tatsu-parallax tatsu-bg-overlay   tatsu-clearfix\" data-title=\"\"  data-headerscheme=\"background--dark\"><div class='tatsu-section-pad clearfix' data-padding='{\"d\":\"7px 0px 30px 0px\"}' data-padding-top='7px'><div class=\"tatsu-row-wrap  tatsu-wrap tatsu-row-has-two-cols tatsu-medium-gutter tatsu-reg-cols  tatsu-clearfix tatsu-HkeDAkrIou\" ><style>.tatsu-HkeDAkrIou.tatsu-row-wrap > .tatsu-row{padding: 30px 0px 30px 0px;}<\/style><div  class=\"tatsu-row \" ><div  class=\"tatsu-column  tatsu-bg-overlay tatsu-three-fourth tatsu-column-image-none tatsu-column-effect-none  tatsu-Byt0yBIsd\"  data-parallax-speed=\"0\" style=\"\"><div class=\"tatsu-column-inner \" ><div class=\"tatsu-column-pad-wrap\"><div class=\"tatsu-column-pad\" ><div  class=\"tatsu-single-image tatsu-module tatsu-image-lazyload tatsu-SyYBve0ou  \" ><div class=\"tatsu-single-image-inner \" style=\"width : 1180px;\" ><div class = \"tatsu-single-image-padding-wrap\" style = \"padding-bottom : 56.186440677966%;\" ><\/div><img class = \"tatsu-gradient-border\" alt = \"\" title = \"navaaaaazo\" data-src = \"https:\/\/aevea.es\/anuario-2022\/wp-content\/uploads\/2022\/06\/navaaaaazo.jpg\" src =\"data:image\/png;base64,iVBORw0KGgoAAAANSUhEUgAAAAEAAAABCAQAAAC1HAwCAAAAC0lEQVR42mNkYAAAAAYAAjCB0C8AAAAASUVORK5CYII=\"  \/><\/div><style>.tatsu-SyYBve0ou .tatsu-single-image-inner{border-style: solid;max-width: 100%;}.tatsu-SyYBve0ou.tatsu-single-image{transform: translate3d(0px,0px, 0);}<\/style><\/div><div  class=\"tatsu-empty-space  tatsu-SJ7Sxw0sO  \" ><style>.tatsu-SJ7Sxw0sO.tatsu-empty-space{height: 30px;}<\/style><\/div><div  class=\"tatsu-module tatsu-text-block-wrap tatsu-rJZdlb5jd  \"><div class=\"tatsu-text-inner tatsu-align-center  clearfix\" ><style>.tatsu-rJZdlb5jd.tatsu-text-block-wrap .tatsu-text-inner{width: 100%;text-align: left;padding: 0px 0px 30px 0px;}.tatsu-rJZdlb5jd.tatsu-text-block-wrap{margin: 0px 0px 0px 0px;}<\/style>\n<h4><span style=\"color: #ff4d0e;\">Construyendo una alternativa<\/span><\/h4>\n<p><span style=\"font-size: 14pt;\">Promocionar un Hotel de lujo o un producto tur\u00edstico\u00a0experiencial \u00fanico no consiste solo dar a conocer un establecimiento exclusivo.\u00a0Adem\u00e1s de un producto de altas calidades, es necesario promocionar tambi\u00e9n un\u00a0destino, una regi\u00f3n\u2026 una forma de entender la vida marcada por las costumbres,\u00a0la cultura y las tradiciones, algo que tiene un impacto incalculable en el\u00a0servicio. Y es precisamente eso, un servicio \u00fanico y excelente,\u00a0por encima de\u00a0cualquier cosa, lo que construye el verdadero lujo.<\/span><\/p>\n<p><span style=\"font-size: 14pt;\">Siempre me llam\u00f3 la atenci\u00f3n la necesidad o mejor dicho la esclavitud de acudir a empresas internacionales de Comercializaci\u00f3n y Relaciones P\u00fablicas para promocionar un producto en mercados internacionales. Es m\u00e1s, se necesitan generalmente varias en diferentes mercados para poder garantizar una penetraci\u00f3n en cada uno de ellos acorde a lo que buscamos, lo que supone en la mayor\u00eda de las ocasiones un desembolso a la altura de muy pocos.<\/span><\/p>\n<p><span style=\"font-size: 14pt;\">\u00bfTan buenas son? \u00bfTan necesarias? Y si lo son, \u00bfEl retorno que ofrecen merece tanto la pena las desorbitadas inversiones?<\/span><\/p>\n<p><span style=\"font-size: 14pt;\">\u00bfConocen bien mi producto? \u00bfY mi destino? \u00bfConocen bien nuestra historia? \u00bfNuestras costumbres?&#8230;<\/span><\/p>\n<p><span style=\"font-size: 14pt;\">Y m\u00e1s importante a\u00fan \u00bfQu\u00e9 exclusividad me ofrecen? \u00bfme tratan bien? \u00bfSoy importante para ellos? \u00bfme comprenden?<\/span><\/p>\n<p><span style=\"font-size: 14pt;\">Garantizar todo lo anterior no es nada f\u00e1cil, pero es algo realmente b\u00e1sico para encontrar una representaci\u00f3n comercial y de relaciones p\u00fablicas a la altura de los productos mas aut\u00e9nticos.<\/span><\/p>\n<p><span style=\"font-size: 14pt;\">Pero obviamente hay un factor m\u00e1s en la ecuaci\u00f3n: La solidez y calidad de contactos en diferentes mercados, la agilidad de las relaciones. La capacidad para poder llevar a cabo proyectos del mas alto nivel es lo que cierra el circulo y marca la diferencia.<\/span><\/p>\n<p><span style=\"font-size: 14pt;\">La pregunta es \u00bfhace falta acudir al extranjero para encontrar todo eso? \u00bfacaso saben m\u00e1s de nuestro destino que nosotros mismos? No, claro que no. Quiz\u00e1s tengan m\u00e1s contactos, pero eso es solo una cuesti\u00f3n de tiempo\u2026 de tiempo, de trabajo, y de estrategia.<\/span><\/p>\n<p><span style=\"font-size: 14pt;\">Pudiendo estar de acuerdo en todo lo anterior o no, lo que innegablemente se aprecia es una cosa clara: hay sitio para crear una alternativa.<\/span><\/p>\n<p><span style=\"font-size: 14pt;\">Y conseguirla quiz\u00e1s resida en una cuesti\u00f3n tan simple como el m\u00e9todo, y ser fiel a \u00e9l. Definir los l\u00edmites de una l\u00ednea de negocio y dar m\u00e1s valor e importancia a quienes se encuentran dentro de ellos\u2026 no tienen que ser muchos, solamente han de ser los m\u00e1s importantes. El tiempo, el trabajo y la manera de hacer las cosas har\u00e1n el resto.<\/span><\/p>\n<p><span style=\"font-size: 14pt;\">Nosotros lo hemos visto claro, y nos exigimos cada d\u00eda por potenciar a todos aquellos que creen en nuestro modelo. Porque se lo debemos, pero tambi\u00e9n porque estamos convencidos que en el lujo y la exclusividad, la diferencia la seguir\u00e1n marcando siempre las personas. Y en eso estamos.<\/span><\/p>\n<\/div><\/div><\/div><\/div><div class = \"tatsu-column-bg-image-wrap\"><div class = \"tatsu-column-bg-image\" ><\/div><\/div><div class=\"tatsu-overlay tatsu-column-overlay tatsu-animate-none\" ><\/div><\/div><style>.tatsu-row > .tatsu-Byt0yBIsd.tatsu-column{width: 60%;}.tatsu-Byt0yBIsd.tatsu-column > .tatsu-column-inner > .tatsu-column-overlay{mix-blend-mode: normal;}.tatsu-Byt0yBIsd > .tatsu-column-inner > .tatsu-top-divider{z-index: 9999;}.tatsu-Byt0yBIsd > .tatsu-column-inner > .tatsu-bottom-divider{z-index: 9999;}.tatsu-Byt0yBIsd > .tatsu-column-inner > .tatsu-left-divider{z-index: 9999;}.tatsu-Byt0yBIsd > .tatsu-column-inner > .tatsu-right-divider{z-index: 9999;}@media only screen and (max-width:1377px) {.tatsu-row > .tatsu-Byt0yBIsd.tatsu-column{width: 60%;}}@media only screen and (min-width:768px) and (max-width: 1024px) {.tatsu-row > .tatsu-Byt0yBIsd.tatsu-column{width: 75%;}}@media only screen and (max-width: 767px) {.tatsu-row > .tatsu-Byt0yBIsd.tatsu-column{width: 100%;}}<\/style><\/div><div  class=\"tatsu-column  tatsu-bg-overlay tatsu-one-fourth tatsu-column-image-none tatsu-column-effect-none  tatsu-SJgFR1BIid\"  data-parallax-speed=\"0\" style=\"\"><div class=\"tatsu-column-inner \" ><div class=\"tatsu-column-pad-wrap\"><div class=\"tatsu-column-pad\" ><div  class=\"tatsu-module tatsu-text-block-wrap tatsu-ryTemGP95  \"><div class=\"tatsu-text-inner tatsu-align-center  clearfix\" ><style>.tatsu-ryTemGP95.tatsu-text-block-wrap .tatsu-text-inner{width: 100%;text-align: left;}.tatsu-ryTemGP95.tatsu-text-block-wrap{margin: 0px 0px 0px 0px;}<\/style>\n<p><span style=\"font-size: 18pt;\"><strong>Contenido patrocinado<\/strong><\/span><\/p>\n<\/div><\/div><div  class=\"tatsu-module tatsu-video tatsu-youtube-wrap tatsu-S1UPomCjd   \" ><style>.tatsu-S1UPomCjd{padding: 0px 0px 76px 0px;margin: 20px 0px 0px 0px;}<\/style><div class = \"be-video-embed be-embed-placeholder\"><div class = \"be-youtube-embed\" data-video-id = \"xbZkULZWhZI\" data-autoplay = \"1\" data-loop = \"1\"><\/div><\/div><\/div><div  class=\"tatsu-module tatsu-text-block-wrap tatsu-rk2F5jWj9  \"><div class=\"tatsu-text-inner tatsu-align-center  clearfix\" ><style>.tatsu-rk2F5jWj9.tatsu-text-block-wrap .tatsu-text-inner{width: 80%;text-align: left;}<\/style>\n<p><a title=\"Rafael P\u00e9rez\" href=\"https:\/\/h4e.es\" target=\"_blank\" rel=\"noopener\"><img decoding=\"async\" src=\"https:\/\/aevea.es\/anuario-2022\/add\/GIF-04-07-2022-20-01-37-v3PSD.gif\" alt=\"Rafael P\u00e9rez\" \/><\/a><\/p>\n<\/div><\/div><div  class=\"tatsu-single-image tatsu-module align-center tatsu-image-lazyload tatsu-external-image tatsu-rJ8xeb9ju  \" ><div class=\"tatsu-single-image-inner \" style=\"\" ><div class = \"tatsu-single-image-padding-wrap\" style = \"\" ><\/div><a href = \"https:\/\/aevea.es\/anuario-2022\/add\/GIF-04-07-2022-20-01-37-v3PSD.gif\" target = \"_blank\" ><img class = \"tatsu-gradient-border\" data-src = \"\" alt =\" \"  src =\"data:image\/png;base64,iVBORw0KGgoAAAANSUhEUgAAAAEAAAABCAQAAAC1HAwCAAAAC0lEQVR42mNkYAAAAAYAAjCB0C8AAAAASUVORK5CYII=\"  \/><\/a><\/div><style>.tatsu-rJ8xeb9ju .tatsu-single-image-inner{border-style: solid;max-width: 100%;}.tatsu-rJ8xeb9ju.tatsu-single-image{transform: translate3d(0px,0px, 0);}<\/style><\/div><div  class=\"tatsu-empty-space  tatsu-ByCGhmRju  \" ><style>.tatsu-ByCGhmRju.tatsu-empty-space{height: 30px;}<\/style><\/div><\/div><\/div><div class = \"tatsu-column-bg-image-wrap\"><div class = \"tatsu-column-bg-image\" ><\/div><\/div><div class=\"tatsu-overlay tatsu-column-overlay tatsu-animate-none\" ><\/div><\/div><style>.tatsu-row > .tatsu-SJgFR1BIid.tatsu-column{width: 40%;}.tatsu-SJgFR1BIid.tatsu-column > .tatsu-column-inner > .tatsu-column-overlay{mix-blend-mode: normal;}.tatsu-SJgFR1BIid > .tatsu-column-inner > .tatsu-top-divider{z-index: 9999;}.tatsu-SJgFR1BIid > .tatsu-column-inner > .tatsu-bottom-divider{z-index: 9999;}.tatsu-SJgFR1BIid > .tatsu-column-inner > .tatsu-left-divider{z-index: 9999;}.tatsu-SJgFR1BIid > .tatsu-column-inner > .tatsu-right-divider{z-index: 9999;}@media only screen and (max-width:1377px) {.tatsu-row > .tatsu-SJgFR1BIid.tatsu-column{width: 40%;}}@media only screen and (min-width:768px) and (max-width: 1024px) {.tatsu-row > .tatsu-SJgFR1BIid.tatsu-column{width: 25%;}}@media only screen and (max-width: 767px) {.tatsu-row > .tatsu-SJgFR1BIid.tatsu-column{width: 100%;}}<\/style><\/div><\/div><\/div><\/div><div class=\"tatsu-section-background-wrap\"><div class = \"tatsu-section-background\" ><\/div><\/div><div class=\"tatsu-overlay tatsu-section-overlay\"><\/div><div class = \"tatsu-shape-divider tatsu-bottom-divider\"><svg xmlns=\"http:\/\/www.w3.org\/2000\/svg\" preserveAspectRatio=\"none\" viewBox=\"0 0 1920 120\">\r\n  <g fill-rule=\"evenodd\">\r\n    <path fill-opacity=\".457\" d=\"M0,25.9621684 C293.239583,65.9621684 613.239583,72.6288351 960,45.9621684 C1306.76042,19.2955018 1626.76042,32.6288351 1920,85.9621684 L1920,120 L0,120 L0,25.9621684 Z\" transform=\"matrix(-1 0 0 1 1920 0)\"\/>\r\n    <path d=\"M0,55.9621684 C300.495844,106.578393 620.495844,106.578393 960,55.9621684 C1299.50416,5.34594386 1619.50416,5.34594386 1920,55.9621684 L1920,120 L0,120 L0,55.9621684 Z\"\/>\r\n  <\/g>\r\n<\/svg>\r\n<\/div><style>.tatsu-Sy-vaCE8iu .tatsu-section-pad{padding: 7px 0px 30px 0px;}.tatsu-Sy-vaCE8iu .tatsu-section-offset-wrap{transform: translateY(-0px);}.tatsu-Sy-vaCE8iu > .tatsu-bottom-divider{height: 150px;color: rgba(255,77,14,1) ;z-index: 9999;}.tatsu-Sy-vaCE8iu > .tatsu-top-divider{z-index: 9999;}.tatsu-Sy-vaCE8iu .tatsu-section-overlay{mix-blend-mode: normal;}<\/style><\/div>\n","protected":false},"excerpt":{"rendered":"<p><a href=\"https:\/\/aevea.es\/anuario-2022\/articulo-rafael-perez\/\" class=\"more-link style1-button\">Read More<\/a><\/p>","protected":false},"author":2,"featured_media":0,"parent":0,"menu_order":0,"comment_status":"closed","ping_status":"closed","template":"","meta":{"footnotes":""},"class_list":["post-1343","page","type-page","status-publish","hentry"],"_links":{"self":[{"href":"https:\/\/aevea.es\/anuario-2022\/wp-json\/wp\/v2\/pages\/1343","targetHints":{"allow":["GET"]}}],"collection":[{"href":"https:\/\/aevea.es\/anuario-2022\/wp-json\/wp\/v2\/pages"}],"about":[{"href":"https:\/\/aevea.es\/anuario-2022\/wp-json\/wp\/v2\/types\/page"}],"author":[{"embeddable":true,"href":"https:\/\/aevea.es\/anuario-2022\/wp-json\/wp\/v2\/users\/2"}],"replies":[{"embeddable":true,"href":"https:\/\/aevea.es\/anuario-2022\/wp-json\/wp\/v2\/comments?post=1343"}],"version-history":[{"count":9,"href":"https:\/\/aevea.es\/anuario-2022\/wp-json\/wp\/v2\/pages\/1343\/revisions"}],"predecessor-version":[{"id":1640,"href":"https:\/\/aevea.es\/anuario-2022\/wp-json\/wp\/v2\/pages\/1343\/revisions\/1640"}],"wp:attachment":[{"href":"https:\/\/aevea.es\/anuario-2022\/wp-json\/wp\/v2\/media?parent=1343"}],"curies":[{"name":"wp","href":"https:\/\/api.w.org\/{rel}","templated":true}]}}