{"id":1351,"date":"2022-06-27T16:06:53","date_gmt":"2022-06-27T16:06:53","guid":{"rendered":"https:\/\/aevea.es\/anuario-2022\/?page_id=1351"},"modified":"2022-07-19T15:49:57","modified_gmt":"2022-07-19T15:49:57","slug":"paolagutierrez","status":"publish","type":"page","link":"https:\/\/aevea.es\/anuario-2022\/paolagutierrez\/","title":{"rendered":"ART\u00cdCULO Paola Gutierrez"},"content":{"rendered":"<div  class=\"tatsu-Sy-vaCE8iu tatsu-section  tatsu-parallax tatsu-bg-overlay   tatsu-clearfix\" data-title=\"\"  data-headerscheme=\"background--dark\"><div class='tatsu-section-pad clearfix' data-padding='{\"d\":\"7px 0px 30px 0px\"}' data-padding-top='7px'><div class=\"tatsu-row-wrap  tatsu-wrap tatsu-row-has-two-cols tatsu-medium-gutter tatsu-reg-cols  tatsu-clearfix tatsu-HkeDAkrIou\" ><style>.tatsu-HkeDAkrIou.tatsu-row-wrap > .tatsu-row{padding: 30px 0px 30px 0px;}<\/style><div  class=\"tatsu-row \" ><div  class=\"tatsu-column  tatsu-bg-overlay tatsu-three-fourth tatsu-column-image-none tatsu-column-effect-none  tatsu-Byt0yBIsd\"  data-parallax-speed=\"0\" style=\"\"><div class=\"tatsu-column-inner \" ><div class=\"tatsu-column-pad-wrap\"><div class=\"tatsu-column-pad\" ><div  class=\"tatsu-single-image tatsu-module tatsu-image-lazyload tatsu-SyYBve0ou  \" ><div class=\"tatsu-single-image-inner \" style=\"width : 1180px;\" ><div class = \"tatsu-single-image-padding-wrap\" style = \"padding-bottom : 69.745762711864%;\" ><\/div><img class = \"tatsu-gradient-border\" alt = \"\" title = \"aaa-paola-guti-art\" data-src = \"https:\/\/aevea.es\/anuario-2022\/wp-content\/uploads\/2022\/07\/aaa-paola-guti-art.jpg\" src =\"data:image\/png;base64,iVBORw0KGgoAAAANSUhEUgAAAAEAAAABCAQAAAC1HAwCAAAAC0lEQVR42mNkYAAAAAYAAjCB0C8AAAAASUVORK5CYII=\"  \/><\/div><style>.tatsu-SyYBve0ou .tatsu-single-image-inner{border-style: solid;max-width: 100%;}.tatsu-SyYBve0ou.tatsu-single-image{transform: translate3d(0px,0px, 0);}<\/style><\/div><div  class=\"tatsu-empty-space  tatsu-SJ7Sxw0sO  \" ><style>.tatsu-SJ7Sxw0sO.tatsu-empty-space{height: 30px;}<\/style><\/div><div  class=\"tatsu-module tatsu-text-block-wrap tatsu-rJZdlb5jd  \"><div class=\"tatsu-text-inner tatsu-align-center  clearfix\" ><style>.tatsu-rJZdlb5jd.tatsu-text-block-wrap .tatsu-text-inner{width: 100%;text-align: left;padding: 0px 0px 30px 0px;}.tatsu-rJZdlb5jd.tatsu-text-block-wrap{margin: 0px 0px 0px 0px;}<\/style>\n<h4><span style=\"color: #ff4d0e;\">M\u00e1s que un sarao, una herramienta estrat\u00e9gica<\/span><\/h4>\n<p><span style=\"font-size: 14pt;\">En nuestro mercado, los eventos son una herramienta que, utilizada con car\u00e1cter estrat\u00e9gico, se convierte en elemento fundamental para el desarrollo de la marca. No solo porque contribuyen a construir una imagen positiva de la compa\u00f1\u00eda y un mejor posicionamiento de nuestros productos entre nuestros\u00a0\u201cstakeholders\u201d, sino que adem\u00e1s considero que es la mejor v\u00eda para\u00a0lanzar todos aquellos mensajes que la marca quiere compartir y hacerlo en un modo \u00fanico, diferencial y relevante. Creando valor a\u00f1adido y colocando siempre la creatividad en el centro.<\/span><\/p>\n<p><span style=\"font-size: 14pt;\">Existe la percepci\u00f3n generalizada de que todas las marcas que comercializan smartphones ofrecen pr\u00e1cticamente lo mismo. Pura indiferenciaci\u00f3n que debemos combatir con todas las herramientas a nuestro alcance, y la m\u00e1s importante de ellas es la creatividad por lo que tener el mayor talento posible a tu lado es vital. Talento que utiliza la creatividad para dise\u00f1ar experiencias de marca \u00fanicas. Creatividad para transmitir nuestros valores en un modo superlativo. Creatividad que nace de aunar el talento de nuestros equipos de marketing, productos y ventas con el talento de las agencias con las que llevamos a cabo el dise\u00f1o y producci\u00f3n de cada uno de nuestros eventos.<\/span><\/p>\n<p><span style=\"font-size: 14pt;\">En nuestro sector, donde la innovaci\u00f3n tecnol\u00f3gica es tan importante como la credibilidad, los eventos con periodistas, tanto \u201ctech\u201d como \u201clifestyle\u201d, o con <em>influencers<\/em> han adquirido un gran peso. Con estos \u00faltimos, adem\u00e1s, no queremos solo estar sino tambi\u00e9n influir. Por eso apostamos por aquellos creadores de contenido con el talento necesario para poner en valor no solo nuestros dispositivos, sino tambi\u00e9n sus capacidades t\u00e9cnicas e innovaciones tecnol\u00f3gicas, por lo que nuestros eventos tienen siempre un decidido componente experiencial.<\/span><\/p>\n<p><span style=\"font-size: 14pt;\">En el caso espec\u00edfico de los eventos B2B, nos permiten crear, desarrollar e incrementar m\u00e1s y mejores contactos comerciales, estableciendo mecanismos para impulsar la imagen de la marca, crear v\u00edas de crecimiento de ventas, incrementar ingresos y desarrollar nuevas din\u00e1micas de negocio.\u00a0 Estos eventos, adem\u00e1s, nos permiten \u201cevangelizar\u201d con todo lo que es fundamental para nuestra marca. Desde nuestra prop\u00f3sito y valores corporativos, hasta nuestra visi\u00f3n y objetivos comerciales. Y hacerlo exactamente como queremos. Sin intermediarios, sin interferencias y sin filtros. Eliminando cualquier distancia entre nuestros productos y nuestros clientes, permitiendo conocer y testar nuestros productos y ayud\u00e1ndonos a cerrar mejores operaciones comerciales para nuestros objetivos de negocio.<\/span><\/p>\n<p><span style=\"font-size: 14pt;\">Para nosotros es vital crear un v\u00ednculo con nuestro p\u00fablico. Ser capaces de lograr que interact\u00fae\u00a0durante las distintas fases del evento, hacerles part\u00edcipes y, c\u00f3mo no, finalizar con un buen vino espa\u00f1ol.<\/span><\/p>\n<p><span style=\"font-size: 14pt;\">Eso, que no falte.<\/span><\/p>\n<\/div><\/div><\/div><\/div><div class = \"tatsu-column-bg-image-wrap\"><div class = \"tatsu-column-bg-image\" ><\/div><\/div><div class=\"tatsu-overlay tatsu-column-overlay tatsu-animate-none\" ><\/div><\/div><style>.tatsu-row > .tatsu-Byt0yBIsd.tatsu-column{width: 60%;}.tatsu-Byt0yBIsd.tatsu-column > .tatsu-column-inner > .tatsu-column-overlay{mix-blend-mode: normal;}.tatsu-Byt0yBIsd > .tatsu-column-inner > .tatsu-top-divider{z-index: 9999;}.tatsu-Byt0yBIsd > .tatsu-column-inner > .tatsu-bottom-divider{z-index: 9999;}.tatsu-Byt0yBIsd > .tatsu-column-inner > .tatsu-left-divider{z-index: 9999;}.tatsu-Byt0yBIsd > .tatsu-column-inner > .tatsu-right-divider{z-index: 9999;}@media only screen and (max-width:1377px) {.tatsu-row > .tatsu-Byt0yBIsd.tatsu-column{width: 60%;}}@media only screen and (min-width:768px) and (max-width: 1024px) {.tatsu-row > .tatsu-Byt0yBIsd.tatsu-column{width: 75%;}}@media only screen and (max-width: 767px) {.tatsu-row > .tatsu-Byt0yBIsd.tatsu-column{width: 100%;}}<\/style><\/div><div  class=\"tatsu-column  tatsu-bg-overlay tatsu-one-fourth tatsu-column-image-none tatsu-column-effect-none  tatsu-SJgFR1BIid\"  data-parallax-speed=\"0\" style=\"\"><div class=\"tatsu-column-inner \" ><div class=\"tatsu-column-pad-wrap\"><div class=\"tatsu-column-pad\" ><div  class=\"tatsu-module tatsu-text-block-wrap tatsu-ryTemGP95  \"><div class=\"tatsu-text-inner tatsu-align-center  clearfix\" ><style>.tatsu-ryTemGP95.tatsu-text-block-wrap .tatsu-text-inner{width: 100%;text-align: left;}.tatsu-ryTemGP95.tatsu-text-block-wrap{margin: 0px 0px 0px 0px;}<\/style>\n<p><span style=\"font-size: 18pt;\"><strong>Contenido patrocinado<\/strong><\/span><\/p>\n<\/div><\/div><div  class=\"tatsu-module tatsu-video tatsu-youtube-wrap tatsu-S1UPomCjd   \" ><style>.tatsu-S1UPomCjd{padding: 0px 0px 76px 0px;margin: 20px 0px 0px 0px;}<\/style><div class = \"be-video-embed be-embed-placeholder\"><div class = \"be-youtube-embed\" data-video-id = \"e9kbJv7gEmw\" data-autoplay = \"1\" data-loop = \"1\"><\/div><\/div><\/div><div  class=\"tatsu-empty-space  tatsu-ByCGhmRju  \" ><style>.tatsu-ByCGhmRju.tatsu-empty-space{height: 30px;}<\/style><\/div><div  class=\"tatsu-single-image tatsu-module align-center tatsu-image-lazyload tatsu-h3na10owf56tte9o  \" ><div class=\"tatsu-single-image-inner \" style=\"width : 770px;\" ><div class = \"tatsu-single-image-padding-wrap\" style = \"padding-bottom : 192.46753246753%;\" ><\/div><a href = \"https:\/\/www.preiperluxe.com\/wp-content\/uploads\/2022\/02\/The-Authentic-Heritage-Collection-2022.pdf\" target = \"_blank\" ><img class = \"tatsu-gradient-border\" alt = \"\" title = \"Preiper Luxe\" data-src = \"https:\/\/aevea.es\/anuario-2022\/wp-content\/uploads\/2022\/06\/Preiper-Luxe.gif\" src =\"data:image\/png;base64,iVBORw0KGgoAAAANSUhEUgAAAAEAAAABCAQAAAC1HAwCAAAAC0lEQVR42mNkYAAAAAYAAjCB0C8AAAAASUVORK5CYII=\"  \/><\/a><\/div><style>.tatsu-h3na10owf56tte9o .tatsu-single-image-inner{border-style: solid;max-width: 80%;}.tatsu-h3na10owf56tte9o.tatsu-single-image{transform: translate3d(0px,0px, 0);}<\/style><\/div><\/div><\/div><div class = \"tatsu-column-bg-image-wrap\"><div class = \"tatsu-column-bg-image\" ><\/div><\/div><div class=\"tatsu-overlay tatsu-column-overlay tatsu-animate-none\" ><\/div><\/div><style>.tatsu-row > .tatsu-SJgFR1BIid.tatsu-column{width: 40%;}.tatsu-SJgFR1BIid.tatsu-column > .tatsu-column-inner > .tatsu-column-overlay{mix-blend-mode: normal;}.tatsu-SJgFR1BIid > .tatsu-column-inner > .tatsu-top-divider{z-index: 9999;}.tatsu-SJgFR1BIid > .tatsu-column-inner > .tatsu-bottom-divider{z-index: 9999;}.tatsu-SJgFR1BIid > .tatsu-column-inner > .tatsu-left-divider{z-index: 9999;}.tatsu-SJgFR1BIid > .tatsu-column-inner > .tatsu-right-divider{z-index: 9999;}@media only screen and (max-width:1377px) {.tatsu-row > .tatsu-SJgFR1BIid.tatsu-column{width: 40%;}}@media only screen and (min-width:768px) and (max-width: 1024px) {.tatsu-row > .tatsu-SJgFR1BIid.tatsu-column{width: 25%;}}@media only screen and (max-width: 767px) {.tatsu-row > .tatsu-SJgFR1BIid.tatsu-column{width: 100%;}}<\/style><\/div><\/div><\/div><\/div><div class=\"tatsu-section-background-wrap\"><div class = \"tatsu-section-background\" ><\/div><\/div><div class=\"tatsu-overlay tatsu-section-overlay\"><\/div><div class = \"tatsu-shape-divider tatsu-bottom-divider\"><svg xmlns=\"http:\/\/www.w3.org\/2000\/svg\" preserveAspectRatio=\"none\" viewBox=\"0 0 1920 120\">\r\n  <g fill-rule=\"evenodd\">\r\n    <path fill-opacity=\".457\" d=\"M0,25.9621684 C293.239583,65.9621684 613.239583,72.6288351 960,45.9621684 C1306.76042,19.2955018 1626.76042,32.6288351 1920,85.9621684 L1920,120 L0,120 L0,25.9621684 Z\" transform=\"matrix(-1 0 0 1 1920 0)\"\/>\r\n    <path d=\"M0,55.9621684 C300.495844,106.578393 620.495844,106.578393 960,55.9621684 C1299.50416,5.34594386 1619.50416,5.34594386 1920,55.9621684 L1920,120 L0,120 L0,55.9621684 Z\"\/>\r\n  <\/g>\r\n<\/svg>\r\n<\/div><style>.tatsu-Sy-vaCE8iu .tatsu-section-pad{padding: 7px 0px 30px 0px;}.tatsu-Sy-vaCE8iu .tatsu-section-offset-wrap{transform: translateY(-0px);}.tatsu-Sy-vaCE8iu > .tatsu-bottom-divider{height: 150px;color: rgba(255,77,14,1) ;z-index: 9999;}.tatsu-Sy-vaCE8iu > .tatsu-top-divider{z-index: 9999;}.tatsu-Sy-vaCE8iu .tatsu-section-overlay{mix-blend-mode: normal;}<\/style><\/div>\n","protected":false},"excerpt":{"rendered":"<p><a href=\"https:\/\/aevea.es\/anuario-2022\/paolagutierrez\/\" class=\"more-link style1-button\">Read More<\/a><\/p>","protected":false},"author":2,"featured_media":0,"parent":0,"menu_order":0,"comment_status":"closed","ping_status":"closed","template":"","meta":{"footnotes":""},"class_list":["post-1351","page","type-page","status-publish","hentry"],"_links":{"self":[{"href":"https:\/\/aevea.es\/anuario-2022\/wp-json\/wp\/v2\/pages\/1351","targetHints":{"allow":["GET"]}}],"collection":[{"href":"https:\/\/aevea.es\/anuario-2022\/wp-json\/wp\/v2\/pages"}],"about":[{"href":"https:\/\/aevea.es\/anuario-2022\/wp-json\/wp\/v2\/types\/page"}],"author":[{"embeddable":true,"href":"https:\/\/aevea.es\/anuario-2022\/wp-json\/wp\/v2\/users\/2"}],"replies":[{"embeddable":true,"href":"https:\/\/aevea.es\/anuario-2022\/wp-json\/wp\/v2\/comments?post=1351"}],"version-history":[{"count":6,"href":"https:\/\/aevea.es\/anuario-2022\/wp-json\/wp\/v2\/pages\/1351\/revisions"}],"predecessor-version":[{"id":1644,"href":"https:\/\/aevea.es\/anuario-2022\/wp-json\/wp\/v2\/pages\/1351\/revisions\/1644"}],"wp:attachment":[{"href":"https:\/\/aevea.es\/anuario-2022\/wp-json\/wp\/v2\/media?parent=1351"}],"curies":[{"name":"wp","href":"https:\/\/api.w.org\/{rel}","templated":true}]}}